s 21871 composite?
False
Is 26621 a composite number?
True
Is 751 prime?
True
Is 14779 prime?
True
Is 13393 a composite number?
True
Is 16603 composite?
False
Is 434239 a prime number?
False
Is 107517 prime?
False
Is 675109 a prime number?
True
Is 18355 composite?
True
Is 1259029 a composite number?
False
Is 1733 a composite number?
False
Is 1118851 composite?
False
Is 234649 composite?
True
Is 43753 a prime number?
True
Is 14183 prime?
False
Is 8857 prime?
False
Is 18947 prime?
True
Is 915391 a composite number?
False
Is 2863 prime?
False
Is 192671 prime?
False
Is 77993 a composite number?
True
Is 247615 prime?
False
Is 508289 a composite number?
True
Is 26947 prime?
True
Is 11217 prime?
False
Is 3787 composite?
True
Is 75553 composite?
False
Is 73735 prime?
False
Is 237749 composite?
False
Is 105423 a composite number?
True
Is 156673 a prime number?
False
Is 7563 a composite number?
True
Is 313927 composite?
True
Is 36353 composite?
False
Is 74311 prime?
True
Is 4087 prime?
False
Is 10079 prime?
True
Is 138727 a prime number?
True
Is 117557 a prime number?
False
Is 108061 prime?
True
Is 3691 prime?
True
Is 916111 composite?
True
Is 26627 a prime number?
True
Is 5779 composite?
False
Is 20506 prime?
False
Is 1739 a prime number?
False
Is 650015 a composite number?
True
Is 1121423 a prime number?
True
Is 467851 a composite number?
True
Is 46573 a prime number?
True
Is 29917 composite?
False
Is 42641 composite?
False
Is 4561 prime?
True
Is 13829 a composite number?
False
Is 6733 composite?
False
Is 878929 a prime number?
True
Is 222311 a composite number?
False
Is 2288323 a prime number?
True
Is 9983 a prime number?
False
Is 14281 a composite number?
False
Is 145799 composite?
False
Is 97331 prime?
False
Is 418051 a composite number?
False
Is 8315 a prime number?
False
Is 330173 composite?
True
Is 25105 a composite number?
True
Is 86263 a prime number?
True
Is 68861 a composite number?
True
Is 73741 a prime number?
False
Is 2843 prime?
True
Is 18829 prime?
False
Is 48497 prime?
True
Is 165161 a prime number?
True
Is 21991 prime?
True
Is 3323 a composite number?
False
Is 69317 a prime number?
True
Is 293489 a composite number?
True
Is 7639 a prime number?
True
Is 11519 a composite number?
False
Is 686523 composite?
True
Is 291 a prime number?
False
Is 2633 a composite number?
False
Is 6031 prime?
False
Is 93281 a prime number?
True
Is 5435 prime?
False
Is 189997 composite?
False
Is 105649 composite?
False
Is 44171 a composite number?
False
Is 333446 a composite number?
True
Is 50017 composite?
True
Is 889 prime?
False
Is 271 prime?
True
Is 28961 prime?
True
Is 109271 composite?
True
Is 101245 a prime number?
False
Is 468269 composite?
True
Is 5305 composite?
True
Is 41309 a composite number?
True
Is 1338333 composite?
True
Is 2452669 a prime number?
False
Is 160727 a composite number?
True
Is 23741 a composite number?
False
Is 33823 a composite number?
True
Is 50923 a prime number?
True
Is 29219 prime?
False
Is 727451 a composite number?
False
Is 1144283 composite?
True
Is 328171 a composite number?
False
Is 57347 prime?
True
Is 309131 a composite number?
False
Is 415931 composite?
False
Is 69683 prime?
False
Is 1353641 a composite number?
False
Is 2759 prime?
False
Is 933151 composite?
False
Is 23279 composite?
False
Is 233407 prime?
True
Is 1032893 a prime number?
False
Is 564917 prime?
True
Is 223699 a prime number?
False
Is 1461 composite?
True
Is 26641 composite?
False
Is 247402 prime?
False
Is 63235 composite?
True
Is 66407 a composite number?
True
Is 22513 prime?
False
Is 317 a composite number?
False
Is 9649 prime?
True
Is 3073 a prime number?
False
Is 5557 a prime number?
True
Is 2917 composite?
False
Is 56921 a composite number?
False
Is 890179 a prime number?
False
Is 1389797 composite?
False
Is 74695 a composite number?
True
Is 82699 a prime number?
True
Is 12281 a prime number?
True
Is 166099 a prime number?
True
Is 48293 composite?
True
Is 173177 composite?
False
Is 49186 a composite number?
True
Is 3067 a composite number?
False
Is 4861 a composite number?
False
Is 11717 prime?
True
Is 191863 a composite number?
True
Is 10369 a composite number?
False
Is 5399 a prime number?
True
Is 76919 prime?
True
Is 170981 a prime number?
False
Is 1236561 a prime number?
False
Is 1181 a composite number?
False
Is 30007 prime?
False
Is 18893 a composite number?
True
Is 665831 prime?
False
Is 746363 prime?
True
Is 30993 a prime number?
False
Is 329057 a composite number?
True
Is 1175285 a composite number?
True
Is 32909 a prime number?
True
Is 7243 a prime number?
True
Is 378083 a prime number?
True
Is 433837 prime?
False
Is 210719 a composite number?
False
Is 61121 composite?
False
Is 12461 prime?
False
Is 15679 a composite number?
False
Is 960361 composite?
True
Is 512509 a composite number?
True
Is 4441 a prime number?
True
Is 40141 composite?
True
Is 6689 prime?
True
Is 19561 prime?
False
Is 138389 prime?
True
Is 13378 a composite number?
True
Is 16179 a prime number?
False
Is 14923 a prime number?
True
Is 609221 prime?
True
Is 27627 prime?
False
Is 27065 composite?
True
Is 1259 prime?
True
Is 57569 a prime number?
False
Is 6947 prime?
True
Is 17341 prime?
True
Is 116731 composite?
False
Is 553933 a prime number?
True
Is 2203 a composite number?
False
Is 43391 a composite number?
False
Is 5893 a prime number?
False
Is 14591 a prime number?
True
Is 42278 prime?
False
Is 4349 a composite number?
False
Is 26083 prime?
True
Is 3947 composite?
False
Is 262511 a prime number?
True
Is 1117171 a prime number?
False
Is 82679 composite?
True
Is 9451 a composite number?
True
Is 2962481 a composite number?
False
Is 13911 composite?
True
Is 4201 a prime number?
True
Is 10877 composite?
True
Is 8781 prime?
False
Is 1151 composite?
False
Is 198595 composite?
True
Is 14369 composite?
False
Is 38785 a prime number?
False
Is 957107 composite?
False
Is 1543 prime?
True
Is 315559 a composite number?
False
Is 557 prime?
True
Is 28889 a prime number?
False
Is 649795 a prime number?
False
Is 225859 a composite number?
False
Is 14843 prime?
True
Is 6421 a prime number?
True
Is 58559 a prime number?
False
Is 19661 a composite number?
False
Is 243511 a composite number?
True
Is 20143 a composite number?
False
Is 821089 composite?
False
Is 1812227 a composite number?
False
Is 9347 a composite number?
True
Is 430561 composite?
True
Is 2855 prime?
False
Is 1111729 composite?
True
Is 295538 composite?
True
Is 709297 a prime number?
False
Is 15899 prime?
False
Is 28369 composite?
True
Is 9931 composite?
False
Is 13327 composite?
False
Is 39293 a composite number?
False
Is 65761 a composite number?
False
Is 2707 a prime number?
True
Is 13259 a prime number?
True
Is 115201 composite?
False
Is 3985 a prime number?
False
Is 54731 prime?
False
Is 1033099 prime?
True
Is 3833 composite?
False
Is 12439 prime?
False
Is 26987 composite?
False
Is 1863941 composite?
False
Is 44143 a prime number?
False
Is 54841 a prime number?
False
Is 172489 a composite number?
False
Is 303169 prime?
False
Is 5407 prime?
True
Is 2119301 a prime number?
True
Is 4553 prime?
False
Is 29333 a prime number?
True
Is 1897691 composite?
False
Is 127 prime?
True
Is 26203 composite?
False
Is 45613 composite?
False
Is 1319 a prime number?
True
Is 36833 composite?
False
Is 337 prime?
True
Is 18659 composite?
True
Is 123373 prime?
True
Is 33979 a prime number?
False
Is 195581 prime?
True
Is 841099 prime?
False
Is 516101 prime?
False
Is 4547 a composite number?
False
Is 24191 composite?
True
Is 29009 prime?
True
Is 7591 a prime number?
True
Is 4703 a prime number?
True
Is 829 a composite number?
False
Is 749633 prime?
False
Is 629 a composite number?
True
Is 16237 a composite number?
True
Is 805615 prime?
False
Is 71437 a prime number?
True
Is 20249 a prime number?
True
Is 48166 prime?
False
Is 23789 a composite number?
False
Is 1413571 composite?
False
Is 617477 a prime number?
False
Is 67927 a composite number?
False
Is 969406 a composite number?
True
Is 14303 composite?
False
Is 5557 composite?
False
Is 6001 composite?
True
Is 38693 a composite number?
False
Is 419849 prime?
False
Is 27463 a prime number?
False
Is 161165 prime?
False
Is 39469 a prime number?
False
Is 41129 prime?
False
Is 4487 composite?
